c be (0 - f*5)*-1. Calculate the greatest common factor of c and 30.
10
Let o(l) = -2*l**3 - 7*l**2 + 14. Let p be o(-7). What is the highest common factor of p and 51?
51
Let h be (4/(-8))/((-2)/(-24)). Let d be h/(-33) - (-18)/22. What is the greatest common factor of d and 2?
1
Let m(r) = r**3 + 6*r**2 + r + 2. Let j be m(-6). Let x(z) = -z + 4. Let i be x(6). Let l = i - j. What is the highest common factor of l and 2?
2
Let v be (169/4)/((-2)/(-8)). Suppose -o + 68 = 2*l, 9*l = 4*l - 2*o + v. Calculate the highest common factor of 22 and l.
11
Suppose -3*b + 551 = 4*k, -5*k - b + 0*b + 697 = 0. Calculate the greatest common factor of 28 and k.
28
Suppose -x + z = -0*x - 23, 4*z = -4*x + 76. Let u = 9 - 6. Calculate the highest common divisor of x and u.
3
Let r be -3*(2/(-2) - 1). Let o = 11 - r. Suppose -3*q + 0*f + 43 = f, -o*f = -q + 25. What is the highest common divisor of 15 and q?
15
Let s = 10 + -16. Let i be (s - -3) + (2 - -3). What is the greatest common divisor of 2 and i?
2
Let u be 23 - (-4 - (-3 - -1)). Let y be ((-800)/(-24))/((-2)/(-3)). Calculate the highest common divisor of u and y.
25
Let f(l) = -46*l + 2. Suppose 4*n = 3*i - 5, 0 = -4*i + 4*n + 6 - 2. Let u be f(i). Let v = -3 + 35. Calculate the highest common factor of v and u.
16
Let s(k) = k**3 - 12*k**2 - 17*k - 10. Let o be s(14). Calculate the greatest common factor of 18 and o.
18
Suppose -2*m + 0*m + 22 = 0. Suppose -4*k + 3*k + 20 = 0. Let w be 2428/k + (-6)/15. Calculate the highest common factor of m and w.
11
Let d(z) = -z**2 + 9*z + 26. Let w be d(8). What is the highest common factor of w and 34?
34
Let s(b) = 20*b**2 + 2*b - 2. Let t be s(1). What is the highest common factor of t and 4?
4
Let c = 111 + -51. Calculate the highest common divisor of 24 and c.
12
Let g(m) = 83*m + 3. Let u be g(3). Calculate the greatest common divisor of 36 and u.
36
Let f(m) = -2*m**2 - 17*m + 1. Let p be f(-7). What is the highest common factor of p and 2?
2
Suppose 4*u + 9 = 29. Calculate the greatest common factor of u and 35.
5
Let g(h) = -h**3 + 5*h**2 - 3*h + 1. Let j be g(3). Suppose -2*l - 8 = 2*f - 5*f, -3*f - l = -14. Let z = 6 - f. What is the greatest common divisor of j and z?
2
Suppose -t - 2*t + 15 = -3*s, 3*t - 2*s = 13. Suppose 0 = 5*m - 43 + t. Calculate the highest common divisor of m and 88.
8
Let u(t) = t - 7. Let l be u(4). Let w be 9/3 - l/(-1). Suppose 5*x - 330 = -w*x. What is the highest common divisor of 22 and x?
22
Let b = 6 - 1. Suppose -b*i + 6*i = 48. Let u(s) = -6*s. Let k be u(-2). Calculate the highest common divisor of i and k.
12
Let k = -4 + 13. Let v(f) = 2*f + 6. Let t be v(-4). Let r be t/(-3) + (-295)/(-3). Calculate the greatest common factor of r and k.
9
Let y(q) = -q**2 + 11*q + 11. Let t be y(11). Calculate the greatest common factor of t and 11.
11
Suppose 6*a = 9*a - 6. Let g be (-8)/(-28) + (-54)/(-7). Calculate the highest common divisor of g and a.
2
Suppose -2*l + 40 = -8. Let u = l + -15. Calculate the greatest common divisor of u and 81.
9
Let o(d) = d**2 + 2*d - 2 + 4*d**2 + 2*d - 3. Let h be o(4). What is the highest common divisor of 13 and h?
13
Let g(d) = 73*d + 15. Let h be g(3). What is the highest common factor of h and 18?
18
Let d = 0 - -3. Let s be ((-6)/(-9) + (-2)/3)/(-2). Suppose -c - 3*m - 2 + d = s, 4 = 4*c + 4*m. What is the greatest common factor of c and 9?
1
Suppose -1 = p - 4. Suppose -p*s + s + 16 = 0. Calculate the greatest common divisor of s and 64.
8
Let t(v) = -v**2 + 5*v + 2. Let n be t(5). Suppose -n - 8 = -5*r. Calculate the greatest common factor of r and 6.
2
Let k = -15 - -9. Let i = -2 - k. Calculate the highest common divisor of i and 32.
4
Let t = -81 + 121. Suppose y - 20 = -4. Let x = 26 - y. What is the highest common divisor of x and t?
10
Let a = 5 - -3. Calculate the highest common factor of a and 72.
8
Suppose 2*g - 2*z = -g + 371, 2*g = 3*z + 254. What is the greatest common divisor of 11 and g?
11
Let v(s) = -s - 3. Let h be v(-4). Let j be ((-12)/(-18))/(h/378). Let o be (j/(-15))/(4/(-30)). What is the greatest common factor of o and 18?
18
Let v(c) = 36*c - 1 + 20*c + 53*c. Let h be v(1). Let t be 11 + (-3 - -2 - -2). What is the greatest common divisor of t and h?
12
Let b be 130/6 - (-4)/(-6). Let f(i) = -3*i - 5*i**2 + 2 + 0*i**3 - 6 + 0 + i**3. Let w be f(6). Calculate the highest common factor of b and w.
7
Suppose -9*b + 5*u + 46 = -5*b, -2*u - 40 = -4*b. What is the highest common factor of 18 and b?
9
Suppose -5*p + 3 = 4*h - 6, p - 21 = 4*h. Let s be (-3 + 3 + -1)*p. Let k be s*((-3)/1 - -2). What is the highest common factor of k and 2?
1
Let a be 0 + 0 + 9/3. Suppose -3*b + y + a*y - 5 = 0, 30 = 2*b + 4*y. Suppose -b*v + 4 + 11 = 0. Calculate the highest common divisor of v and 15.
3
Let j be 6/1*(-275)/(-22). What is the greatest common factor of 50 and j?
25
Let y(o) = -26*o + 1. Let p be y(-3). Let q be p - 5/((-15)/(-6)). What is the highest common divisor of q and 11?
11
Suppose -4*r - 5*j = -78, 3*j = -2*r + r + 23. Let m = -81 - -149. What is the greatest common divisor of r and m?
17
Suppose -2*t + 66 = -5*d, t = -4*d + 2*d + 15. What is the highest common divisor of t and 69?
23
Let s = 22 - -23. What is the highest common factor of 90 and s?
45
Let w(q) = q - 3. Let h be w(16). Let d be (-1)/((-1)/(-2)) - 399. Let l = -284 - d. What is the greatest common divisor of h and l?
13
Suppose 0 = -2*l - 0*l. Suppose 0 = 5*m - l*m - 15. Let k be (3 + m)/((-2)/(-15)). Calculate the highest common divisor of k and 30.
15
Let b(l) = 5*l**2 - 12*l + 14. Let o(u) = -4*u**2 + 11*u - 14. Let g(n) = 5*b(n) + 6*o(n). Let z be g(-10). What is the highest common divisor of z and 65?
13
Suppose 12 = p + 3*v, 5*v - 18 = -2*p + 7. What is the greatest common factor of p and 6?
3
Let p(y) = y**3 + 6*y**2 + 2. Let l be p(-6). Let h(k) = 0 + k - l*k**3 - 2 + 0*k. Let c be h(-3). Calculate the greatest common divisor of 7 and c.
7
Suppose 3*y + d + 61 = 0, -4*d - 68 = 2*y - 14. Let k = 25 + y. Calculate the greatest common divisor of k and 3.
3
Suppose 5*m - 40 = -0. Suppose -4 = -2*q + m. What is the greatest common factor of 18 and q?
6
Suppose 15 = g + 4*g. Suppose g*r = 2*s - 93, -4*s - 2*r + 6*r = -196. What is the greatest common divisor of s and 9?
9
Let m(i) = 3*i**2 - 8*i - 2. Let l be m(8). Suppose 0 + 6 = -2*y. Let c = y + 21. What is the greatest common divisor of l and c?
18
Let d be (-1)/(-2)*(2 + 88). Let u be 2/(-7) - 6/(-21). Suppose -2*v + 4*z + 64 = 0, u = 4*z + 1 + 3. Calculate the highest common divisor of v and d.
15
Let p(z) = z**3 - 14*z**2 + 15*z - 14. Let i be p(13). Calculate the highest common divisor of 108 and i.
12
Let u(i) = i + 16. Let l be u(-11). Calculate the highest common factor of l and 35.
5
Let h(u) = 5*u - 15. Let y be h(9). Calculate the greatest common divisor of 75 and y.
15
Suppose 4*x - 263 - 133 = 0. Let i be -3 + (x + -1)/1. What is the highest common divisor of i and 38?
19
Let h = -226 + 435. Calculate the highest common factor of 19 and h.
19
Let s = 20 + 0. Suppose 5*t - 84 = 16. What is the highest common divisor of s and t?
20
Suppose -2*i - 2*i = 4*l - 96, -50 = -2*l - i. Let c be ((-12)/(-15))/((-10)/(-325)). What is the greatest common factor of c and l?
26
Let d be (-5)/(-5) + -1 + 114. Let m be (-5)/(-5) + (2 - -1). Suppose 3*f = m*f - d. Calculate the greatest common factor of f and 19.
19
Suppose -5*t + 362 + 23 = 0. Calculate the highest common factor of 11 and t.
11
Suppose r - 4*o - 11 = 0, 2*r - 2*o + 0 = 28. Let y be (-2)/(-8) + 478/8. Calculate the greatest common divisor of r and y.
15
Let s = -127 - -197. Let m be (4 + -12)*5/(-4). What is the greatest common divisor of s and m?
10
Let k = 7 + 21. Let g = -12 + k. What is the highest common factor of 48 and g?
16
Suppose -3*t - 9 = 0, -2*w - 3*t - 12 = -3*w. Calculate the highest common divisor of 1 and w.
1
Suppose -2*u = -0*u - 40. Suppose 0 = -5*v - 660 + 1760. Calculate the highest common factor of u and v.
20
Let v be (0/(-7))/(1 - -1). Suppose -5*s - 3*r + 33 = v, 57 = 5*s - 7*r + 4*r. Let a be ((-36)/(-10))/(1/20). What is the greatest common divisor of a and s?
9
Suppose 4*b - 78 + 14 = 0. Calculate the highest common divisor of b and 8.
8
S